 = -6*b(l) + 13*s(l). Let k be i(6). What is the greatest common factor of 4 and k?
2
Let f(i) = -i**2 - 32*i - 31. Let y be f(-20). Calculate the greatest common divisor of y and 19.
19
Suppose 2*h = -5*k - 894, -2*k = -k + 4*h + 168. Let p be (2/(-3))/(15/k). Calculate the highest common divisor of 40 and p.
8
Let i = -82 - -92. Calculate the greatest common factor of 2 and i.
2
Suppose 5*d - 3*d = 112. What is the greatest common factor of 7 and d?
7
Let i(z) = -21*z + 3. Let m be i(-8). What is the greatest common divisor of 19 and m?
19
Let o be 7/((-35)/(-15)) + 312. What is the greatest common divisor of o and 35?
35
Let z(g) = g**2 + 2*g - 14. Let k be z(-5). What is the greatest common factor of k and 2?
1
Let v(i) = i**3 - 6*i**2 + 3. Let w be v(6). Suppose -3*n + w = -4*u, 4*u - 4*n = -0*n - 4. Let d = u - -8. Calculate the greatest common factor of d and 16.
8
Let i(t) = -9*t**3 + t**2 - t - 1. Let g be i(-1). Let n = -3 + 4. Let v = 0 + n. What is the greatest common factor of g and v?
1
Let a = -11 - -5. Let d = -64 + 103. Let t = d - a. What is the highest common divisor of t and 9?
9
Suppose -2*s + 5*s + 198 = 0. Let f = -47 - s. What is the highest common factor of 171 and f?
19
Suppose 2*s = -2*s + 192. Suppose -3*g = -4*g + 6. What is the highest common divisor of s and g?
6
Let c be ((-2)/(-4))/(1*(-3)/(-36)). Calculate the greatest common divisor of 18 and c.
6
Let w = -64 + 90. Let o be (-2)/(-2)*(-1 - -14). Calculate the greatest common divisor of o and w.
13
Let g = -14 - -25. Let u be 3/(3/2) - -9. What is the highest common divisor of g and u?
11
Let k = -16 - -29. Let a be (-1)/((-1244)/(-416) + -3). What is the greatest common divisor of a and k?
13
Let r be (25/20)/((-3)/(-12)). What is the greatest common divisor of r and 20?
5
Suppose 4*v + 0*y = -4*y - 12, -y - 2 = 2*v. What is the greatest common divisor of v and 11?
1
Suppose -3*i = 0, -r - 2*i + 0*i + 2 = 0. Suppose -4*a = d - 191, -r*a + 899 - 376 = 3*d. Calculate the greatest common factor of 19 and d.
19
Suppose -4*d - 4 = 0, -5*w + 191 = -2*d + d. Suppose 0 = -5*i + 32 + w. What is the highest common divisor of 56 and i?
14
Let i be 1968/90 + 2/15. Calculate the highest common divisor of 2 and i.
2
Suppose 4*w = -4*o + 12, -o - 2*o + w = -13. Let p be (-30)/(-4)*o/6. Suppose 25 = -v + 30. What is the greatest common divisor of p and v?
5
Let s be (10*8/40)/(2/5). What is the highest common factor of s and 10?
5
Let q be 1/(1*(-3)/6). Let v be (-195)/(6/q) - 1. Suppose -4*o = -0*m + 4*m - v, -16 = 4*o. What is the greatest common factor of m and 8?
4
Let i(m) = -m**3 + 17*m**2 - 8*m + 37. Let s be i(16). What is the greatest common factor of s and 11?
11
Let h be (6/(-15))/(2 + 364/(-180)). Suppose 0 = -4*t + t + 4*x + 452, 5*t + x = 715. What is the highest common factor of t and h?
18
Let x(y) = 2*y - 8. Let f be x(7). Suppose d + 46 - f = 4*a, 3*a + 3*d = 15. Let i = 19 - a. What is the highest common factor of 80 and i?
10
Suppose 3*d - 564 = -q, -2*d - 2*q = 3*d - 939. Calculate the greatest common divisor of d and 27.
27
Let v be ((-12)/15 + 2)*(10 + 0). What is the greatest common divisor of v and 84?
12
Suppose -2*l = -0*l. Suppose l = 2*g + 36 - 132. What is the highest common factor of g and 120?
24
Let m = 55 + -31. What is the highest common divisor of m and 6?
6
Let m(v) = 18*v - 9. Let p(h) = h**3 - 10*h**2 + h - 4. Let z be p(10). Let f be m(z). What is the highest common factor of f and 9?
9
Let x = -4 - -3. Let r = 1 + 1. Let z = x + r. Calculate the greatest common factor of z and 7.
1
Suppose 0*g + 3*q = -g + 2, 4*g - 4*q = 56. Suppose -t - 2 = -31. Let s = t + 15. Calculate the greatest common divisor of s and g.
11
Suppose -13*m + 81 = -10*m. Calculate the highest common divisor of 108 and m.
27
Suppose 482 - 117 = 3*r - 5*l, -5*r + 605 = -5*l. Let a = r + 42. Let b = 74 - 56. Calculate the highest common factor of a and b.
18
Let b(p) = p**2 + 6*p + 3. Let n be b(-5). Let y(m) = -4*m + 2. Let x be y(n). Let u = 3 - -2. What is the highest common factor of x and u?
5
Let i = 10 + -7. Suppose 0 = 4*c + a + 1, -i*c = 2*c - 2*a - 2. Suppose c = -5*q + 14 + 6. What is the highest common factor of q and 4?
4
Suppose 2*s = 3*s - 57. Let j = s + -41. Suppose 2*o = -4*d + 4*o + 8, -2*o = 0. What is the greatest common factor of d and j?
2
Let f(n) = -11*n**2 - 4*n + 3*n + 3*n**2 - n**3 - 5. Let l be f(-8). Suppose l*x + 450 = 5*x. What is the highest common factor of x and 25?
25
Suppose 4*l + 10 = 130. Suppose 2*h + 2*k = l, 3*k = h - 2*k - 9. What is the highest common divisor of 154 and h?
14
Let y = -6 + 17. Let i = 14 - 12. Suppose 4*h + 86 = 2*k, -2*k = i*k - 4*h - 152. What is the greatest common divisor of k and y?
11
Suppose b - 3*b + 52 = 0. Let a be 156/6*3/6. Calculate the greatest common factor of b and a.
13
Let a(q) = q**3 - 5*q**2 - 5*q + 2. Let v be a(6). Let u = 11 - v. Let w be ((-135)/(-12))/(u/8). What is the highest common divisor of 6 and w?
6
Suppose -5*y = -8 - 52. Let p be 135/6*(-112)/(-35). Calculate the greatest common divisor of y and p.
12
Let q be (40/12 - -1)*3. Calculate the greatest common factor of 13 and q.
13
Suppose 0 = -0*f + 4*f - 20. Let j(o) = o**2 - 3*o - 4. Let w be j(f). Calculate the highest common factor of 2 and w.
2
Let v = 27 + -8. Let x = v - -3. What is the highest common factor of x and 55?
11
Let s = 45 - 41. Calculate the greatest common divisor of s and 26.
2
Let h be ((-4 - -22)/(-2))/(-1). Suppose -v + 4*n + 46 = 0, -2*v - 6*n + 118 = -n. Calculate the highest common factor of h and v.
9
Suppose 2*c + 19 - 21 = 0. Let n be (c/2)/((-1)/(-2)). Calculate the greatest common divisor of 9 and n.
1
Suppose 0 = -2*r - k + 5*k + 224, 4*k + 336 = 3*r. Suppose -2*o + 0*o + r = 0. What is the highest common factor of 14 and o?
14
Let s(i) = i**3 - 6*i**2 + 21*i - 57. Let p be s(5). Let v be (-1)/(-1) + 22 + 0. What is the highest common divisor of v and p?
23
Let v = 148 - 80. Calculate the greatest common factor of v and 102.
34
Suppose -4*m - m = 20. Let j be ((-72)/(-27))/(m/(-30)). Suppose 4*y - 4 = 3*y. What is the greatest common factor of y and j?
4
Suppose 5200 = 79*c - 14*c. Let v(m) = 10*m**2. Let p be v(1). Calculate the greatest common divisor of c and p.
10
Suppose 0*b = -3*b + 63. What is the highest common factor of 231 and b?
21
Let q be -6*((-4)/8 + 0). What is the highest common factor of 12 and q?
3
Let y = 39 - 12. Suppose -y = -5*m + 8. Calculate the greatest common factor of m and 7.
7
Let w be (-174)/(-2) + (-1 - -2). Suppose 5*p + 33 = 3*q, -8*q - p + 11 = -7*q. What is the highest common divisor of w and q?
11
Suppose -4*g - 58 = -3*a, -a - 5*g + 11 = -21. What is the highest common divisor of 33 and a?
11
Let l(z) = 5*z**2 - 7*z + 33. Let m(v) = -3*v**2 + 3*v - 17. Let g(s) = 4*l(s) + 7*m(s). Let b be g(-6). What is the highest common divisor of 133 and b?
19
Let q be 1/(-2) - (-42)/4. Suppose 3*i = -2*i - q. Let z be 46 - i/4*-2. What is the highest common divisor of 9 and z?
9
Let t be (-14)/5*45/(-18). What is the greatest common divisor of 28 and t?
7
Let o(h) = -h**3 + 2*h + 49. Let t be o(0). Calculate the greatest common factor of t and 28.
7
Let h(p) = -p**3 - 11*p**2 + 11*p + 11. Let t be h(-12). Suppose 2*i - 25 = t. Calculate the greatest common divisor of 168 and i.
24
Suppose 56 = -2*m + 6*m. Let f be 837/15 + 1/5. What is the highest common divisor of m and f?
14
Let y be (0 - (-2 - -10))/(-2). Suppose -r = y*r - 70. Calculate the highest common factor of r and 28.
14
Suppose 4*y = o + 556, 6*y - 3*o - 548 = 2*y. Calculate the greatest common divisor of y and 20.
20
Suppose -2*a = -7 + 3. Suppose -5*k - 2*i = 10 - 34, 0 = -i + a. Suppose -s = -1 - k. What is the highest common factor of s and 20?
5
Let q = -2 + 5. Suppose 105 = 5*s + n, -2*n + 71 = 3*s - q*n. What is the highest common factor of s and 55?
11
Let c = 114 - 15. Calculate the highest common divisor of c and 11.
11
Suppose -2*c + 188 = 12. Let w = 17 - 9. Calculate the greatest common divisor of w and c.
8
Let l be (4/2)/1*-2. Let a(i) = i**2 + 5. Let o be a(l). Calculate the highest common factor of o and 3.
3
Suppose -11*c + c + 210 = 0. Calculate the highest common divisor of 105 and c.